{"id":7642,"date":"2020-01-07T13:21:38","date_gmt":"2020-01-07T17:21:38","guid":{"rendered":"http:\/\/www.emater.ro.gov.br\/ematerro\/?page_id=7642"},"modified":"2026-02-19T10:39:42","modified_gmt":"2026-02-19T14:39:42","slug":"licitacoes","status":"publish","type":"page","link":"http:\/\/www.emater.ro.gov.br\/ematerro\/licitacoes\/","title":{"rendered":"Licita\u00e7\u00f5es"},"content":{"rendered":"<hr>\n<p><span style=\"text-decoration: underline;\">AQUI VOC\u00ca ENCONTRA:<\/span><\/p>\n<p>Licita\u00e7\u00f5es, Carta Convite, Concorr\u00eancia P\u00fablica, Preg\u00e3o Eletr\u00f4nico, Dispensa e Inexigibilidade de Licita\u00e7\u00f5es e Atas de Registro de Pre\u00e7os.<\/p>\n<p>E-mail para contato:&nbsp;<a href=\"cplms@emater.ro.gov.br\">cplms@emater.ro.gov.br<\/a><\/p>\n<p><a href=\"https:\/\/drive.google.com\/drive\/folders\/1fUehkeagtCgY2Bv-pSuIV2316j_ayzjz?usp=sharing\">Processo 2014<\/a><\/p>\n<p><a href=\"https:\/\/drive.google.com\/drive\/folders\/14hJjQg_Am60xzYtBX-c1xUPL-N-eaDSO?usp=sharing\">Processo 2015<\/a><\/p>\n<p><a href=\"https:\/\/drive.google.com\/drive\/folders\/105BX2sMgSu5gju1vbqc4yd4zR-ELMbZ6?usp=sharing\">Processo 2016<\/a><\/p>\n<p><a href=\"https:\/\/drive.google.com\/drive\/folders\/1IY71S-EdgmX4h-mwZpyJhFq-BCyVGEC-?usp=sharing\">Processo 2017<\/a><\/p>\n<p><a href=\"https:\/\/drive.google.com\/drive\/folders\/1pgbxUVjbaRHDryrCgn4K1a5kUQDOpZgP?usp=sharing\">Processo 2018<\/a><\/p>\n<p><a href=\"https:\/\/drive.google.com\/drive\/folders\/1Nsf8HIpBqVsjCwwmFKIPsFXAODJCyOkR?usp=sharing\">Processo 2019<\/a><\/p>\n<p><a href=\"https:\/\/drive.google.com\/drive\/folders\/14oid35-FD0Ln45jKvf1ZW9GxKHgiNn3K?usp=sharing\">Processo 2020<\/a><\/p>\n<p><a href=\"https:\/\/drive.google.com\/drive\/folders\/1WnZ6cQxAz4nwH_on01CFR1qWYzT8M138?usp=sharing\">Processo 2021<\/a><\/p>\n<p><a href=\"https:\/\/drive.google.com\/drive\/folders\/1OVXGsTs5FUOhcvnFOf_xLpykAe4ZgzVE?usp=sharing\">Processo 2022<\/a><\/p>\n<p><a href=\"https:\/\/drive.google.com\/drive\/folders\/1fcJPoVfovZJ4HUmqQE8HUuwot7dVeKvX?usp=sharing\">Processo 2023<\/a><\/p>\n<p><a href=\"https:\/\/drive.google.com\/drive\/folders\/1LrHvOkM-4N_sVAwNiTVK6HO6bQFjRDKa?usp=sharing\">Processo 2024<\/a><\/p>\n<p><a href=\"https:\/\/drive.google.com\/drive\/folders\/1HcNnm8b-tJyruE4v1cq_sEQAubFB07EX?usp=sharing\">Processo 2025<\/a><\/p>\n<p><a href=\"https:\/\/drive.google.com\/drive\/folders\/1lKewVyBJf48MISVcQ2ZW8Xr63wKcibuW?usp=drive_link\">Processo 2026<\/a><\/p>\n","protected":false},"excerpt":{"rendered":"<p>AQUI VOC\u00ca ENCONTRA: Licita\u00e7\u00f5es, Carta Convite, Concorr\u00eancia P\u00fablica, Preg\u00e3o Eletr\u00f4nico, Dispensa e Inexigibilidade de Licita\u00e7\u00f5es e Atas de Registro de Pre\u00e7os. E-mail para contato:&nbsp;cplms@emater.ro.gov.br Processo 2014 Processo 2015 Processo 2016 [&hellip;]<\/p>\n","protected":false},"author":1,"featured_media":0,"parent":0,"menu_order":0,"comment_status":"closed","ping_status":"closed","template":"","meta":[],"_links":{"self":[{"href":"http:\/\/www.emater.ro.gov.br\/ematerro\/wp-json\/wp\/v2\/pages\/7642"}],"collection":[{"href":"http:\/\/www.emater.ro.gov.br\/ematerro\/wp-json\/wp\/v2\/pages"}],"about":[{"href":"http:\/\/www.emater.ro.gov.br\/ematerro\/wp-json\/wp\/v2\/types\/page"}],"author":[{"embeddable":true,"href":"http:\/\/www.emater.ro.gov.br\/ematerro\/wp-json\/wp\/v2\/users\/1"}],"replies":[{"embeddable":true,"href":"http:\/\/www.emater.ro.gov.br\/ematerro\/wp-json\/wp\/v2\/comments?post=7642"}],"version-history":[{"count":13,"href":"http:\/\/www.emater.ro.gov.br\/ematerro\/wp-json\/wp\/v2\/pages\/7642\/revisions"}],"predecessor-version":[{"id":19237,"href":"http:\/\/www.emater.ro.gov.br\/ematerro\/wp-json\/wp\/v2\/pages\/7642\/revisions\/19237"}],"wp:attachment":[{"href":"http:\/\/www.emater.ro.gov.br\/ematerro\/wp-json\/wp\/v2\/media?parent=7642"}],"curies":[{"name":"wp","href":"https:\/\/api.w.org\/{rel}","templated":true}]}}