{"id":2,"date":"2016-06-22T13:17:27","date_gmt":"2016-06-22T17:17:27","guid":{"rendered":"http:\/\/www.emater.ro.gov.br\/ematerro\/?page_id=2"},"modified":"2021-07-19T11:53:46","modified_gmt":"2021-07-19T15:53:46","slug":"quemsomos","status":"publish","type":"page","link":"http:\/\/www.emater.ro.gov.br\/ematerro\/quemsomos\/","title":{"rendered":"Quem Somos"},"content":{"rendered":"<p><strong>Apresenta\u00e7\u00e3o<\/strong><\/p>\n<p>A Entidade Aut\u00e1rquica de Assist\u00eancia T\u00e9cnica e Extens\u00e3o Rural do Estado de Rond\u00f4nia &#8211; EMATER-RO, com autonomia jur\u00eddica, administrativa, or\u00e7ament\u00e1ria e financeira, integrante da administra\u00e7\u00e3o indireta do estado de Rond\u00f4nia, transformada por meio da Emenda Constitucional n\u00ba 084, de 24 de abril de 2013, e regularizada pela Lei n\u00ba 3.138 de 05 de julho de 2013, publicada no Di\u00e1rio Oficial Eletr\u00f4nico do Estado de Rond\u00f4nia &#8211; DOE n\u00ba. 2249, em 05 de julho de 2013 e Lei n\u00ba 3.308 de 19 de dezembro de 2013, publicada no Di\u00e1rio Oficial Eletr\u00f4nico do estado de Rond\u00f4nia &#8211; DOE n\u00ba. 2366, em 20 de dezembro de 2013; vinculada \u00e0 Secretaria de Estado de Agricultura do Estado de Rond\u00f4nia &#8211; Seagri, compete:<\/p>\n<p>I &#8211; planejar, coordenar e executar programas de assist\u00eancia t\u00e9cnica e extens\u00e3o rural, de acordo com as pol\u00edticas de a\u00e7\u00e3o dos governos Federal, Estadual e Municipais, visando \u00e0 socializa\u00e7\u00e3o de conhecimentos de natureza t\u00e9cnica, econ\u00f4mica, social e ambiental, \u00e0 presta\u00e7\u00e3o de assist\u00eancia t\u00e9cnica para o aumento da produ\u00e7\u00e3o e produtividade agr\u00edcolas, de car\u00e1ter sustent\u00e1vel, e \u00e0 melhoria das condi\u00e7\u00f5es de vida no meio rural do Estado;<\/p>\n<p>II \u2013 colaborar com a Secretaria de Estado da Agricultura, Pecu\u00e1ria, e Regulariza\u00e7\u00e3o Fundi\u00e1ria, bem como outras Secretarias e \u00f3rg\u00e3os p\u00fablicos federais, estaduais e municipais afins, na formula\u00e7\u00e3o e execu\u00e7\u00e3o das Pol\u00edticas de Assist\u00eancia T\u00e9cnica e Extens\u00e3o Rural;<\/p>\n<p>III &#8211; estabelecer e desenvolver rela\u00e7\u00f5es de troca de servi\u00e7os e informa\u00e7\u00f5es t\u00e9cnicas com os demais \u00f3rg\u00e3os da administra\u00e7\u00e3o direta e indireta da Secretaria de Estado da Agricultura, Pecu\u00e1ria e Regulariza\u00e7\u00e3o Fundi\u00e1ria e \u00f3rg\u00e3os federais afins, nos diversos n\u00edveis da Administra\u00e7\u00e3o P\u00fablica, com entidades privadas parceiras, bem como organiza\u00e7\u00f5es representativas dos agricultores familiares e produtores rurais, de modo a favorecer e fortalecer a coopera\u00e7\u00e3o interorganizacional no setor p\u00fablico produtivo; IV \u2013 promover estudos, pesquisas, an\u00e1lises, per\u00edcias e divulga\u00e7\u00f5es t\u00e9cnicas, objetivando fornecer subs\u00eddios para estabelecer ou reformular normas t\u00e9cnicas e operacionais relacionadas com suas atividades.<\/p>\n<p><strong>Natureza Jur\u00eddica<\/strong><\/p>\n<p>A Entidade Aut\u00e1rquica de Assist\u00eancia T\u00e9cnica e Extens\u00e3o Rural do Estado de Rond\u00f4nia (EMATER-RO) \u00e9 uma empresa p\u00fablica, de presta\u00e7\u00e3o de servi\u00e7os p\u00fablicos, dotada de personalidade jur\u00eddica de direito privado, com patrim\u00f4nio pr\u00f3prio e autonomia jur\u00eddica, administrativa, or\u00e7ament\u00e1ria e financeira, integrante da administra\u00e7\u00e3o indireta do Estado de Rond\u00f4nia, vinculada \u00e0 Secretaria de Estado da Agricultura, Pecu\u00e1ria e Regulariza\u00e7\u00e3o Fundi\u00e1ria (SEAGRI), ou a quem a suceder, na forma do que disp\u00f5em as Leis n. 3.138, de 05 de julho de 2013, e n. 3.308, de 19 de dezembro de 2013.<br \/>\nA EMATER-RO \u00e9 administrada por:<\/p>\n<p><strong>Conselho de Administra\u00e7\u00e3o:<\/strong><\/p>\n<p>&#8211; Secretaria de Estado da Agricultura (SEAGRI);<br \/>\n&#8211; Secretaria de Estado de Planejamento, Or\u00e7amento e Gest\u00e3o (SEPOG);<br \/>\n&#8211; Secretaria de Estado de Finan\u00e7as (SEFIN);<br \/>\n&#8211; Secretaria de Estado de Desenvolvimento Ambiental (SEDAM);<br \/>\n&#8211; Representante dos empregados da EMATER-RO, eleito em assembleia geral.<\/p>\n<p><strong>Conselho Fiscal:<\/strong><br \/>\n&#8211; Secretaria de Estado de Finan\u00e7as (SEFIN)<br \/>\n&#8211; Secretaria de Estado de Desenvolvimento Ambiental (SEDAM);<br \/>\n&#8211; Representante dos empregados da EMATER-RO<\/p>\n<p><strong>Diretoria Executiva:<\/strong><\/p>\n<p>&#8211; Diretor-presidente,<br \/>\n&#8211; Diretor vice-presidente<br \/>\n&#8211; Diretoria t\u00e9cnica e de planejamento \u2013 DITEP<br \/>\n&#8211; Diretoria administrativa e financeira \u2013 DIAFI<br \/>\n&#8211; Diretoria de desenvolvimento de pessoal \u2013 DIDEP<\/p>\n<p><strong>Papel<\/strong><\/p>\n<p>Prestar servi\u00e7os de Ater com excel\u00eancia, onde as a\u00e7\u00f5es s\u00e3o desenvolvidas de forma educativa, participativa para e com os agricultores familiares (que s\u00e3o os atores do desenvolvimento sustent\u00e1vel) e suas organiza\u00e7\u00f5es, com uma vis\u00e3o hol\u00edstica da propriedade; buscando a integra\u00e7\u00e3o e complementaridade dos fatores de produ\u00e7\u00e3o, valendo-se para isso das novas metodologias (Diagn\u00f3stico Rural Participativo (DRP), Diagn\u00f3stico Organizacional Participativo (DOP), Compet\u00eancia Econ\u00f4mica baseada na Forma\u00e7\u00e3o de Empreendedores (CEFE) e outros), t\u00e9cnicas e ferramentas participativas; tendo como objetivo o Desenvolvimento Humano, Social e Econ\u00f4mico Sustent\u00e1vel.<\/p>\n<p><strong>Vis\u00e3o<\/strong><\/p>\n<p>Ser l\u00edder na presta\u00e7\u00e3o de Servi\u00e7os de Assist\u00eancia T\u00e9cnica e Extens\u00e3o Rural no Estado de Rond\u00f4nia, para a produ\u00e7\u00e3o sustent\u00e1vel e o desenvolvimento humano.<\/p>\n<p><strong>Miss\u00e3o<\/strong><\/p>\n<p>Prestar servi\u00e7o de Ater de forma participativa junto aos agricultores familiares e suas organiza\u00e7\u00f5es visando o desenvolvimento humano sustent\u00e1vel.<\/p>\n<p><strong>Foco<\/strong><\/p>\n<p>Iniciar o processo de moderniza\u00e7\u00e3o do agroneg\u00f3cio da agricultura familiar, usando fatores internos de produ\u00e7\u00e3o, principalmente e, de forma complementar, os fatores externos, visando o desenvolvimento sustent\u00e1vel, o desenvolvimento humano, a recupera\u00e7\u00e3o do passivo ambiental, o aumento da produtividade com redu\u00e7\u00e3o de custos e melhoria da qualidade da produ\u00e7\u00e3o, pela disponibilidade de conhecimentos atrav\u00e9s de metodologias participativas.<\/p>\n","protected":false},"excerpt":{"rendered":"<p>Apresenta\u00e7\u00e3o A Entidade Aut\u00e1rquica de Assist\u00eancia T\u00e9cnica e Extens\u00e3o Rural do Estado de Rond\u00f4nia &#8211; EMATER-RO, com autonomia jur\u00eddica, administrativa, or\u00e7ament\u00e1ria e financeira, integrante da administra\u00e7\u00e3o indireta do estado de [&hellip;]<\/p>\n","protected":false},"author":1,"featured_media":0,"parent":0,"menu_order":0,"comment_status":"closed","ping_status":"closed","template":"","meta":[],"_links":{"self":[{"href":"http:\/\/www.emater.ro.gov.br\/ematerro\/wp-json\/wp\/v2\/pages\/2"}],"collection":[{"href":"http:\/\/www.emater.ro.gov.br\/ematerro\/wp-json\/wp\/v2\/pages"}],"about":[{"href":"http:\/\/www.emater.ro.gov.br\/ematerro\/wp-json\/wp\/v2\/types\/page"}],"author":[{"embeddable":true,"href":"http:\/\/www.emater.ro.gov.br\/ematerro\/wp-json\/wp\/v2\/users\/1"}],"replies":[{"embeddable":true,"href":"http:\/\/www.emater.ro.gov.br\/ematerro\/wp-json\/wp\/v2\/comments?post=2"}],"version-history":[{"count":8,"href":"http:\/\/www.emater.ro.gov.br\/ematerro\/wp-json\/wp\/v2\/pages\/2\/revisions"}],"predecessor-version":[{"id":10622,"href":"http:\/\/www.emater.ro.gov.br\/ematerro\/wp-json\/wp\/v2\/pages\/2\/revisions\/10622"}],"wp:attachment":[{"href":"http:\/\/www.emater.ro.gov.br\/ematerro\/wp-json\/wp\/v2\/media?parent=2"}],"curies":[{"name":"wp","href":"https:\/\/api.w.org\/{rel}","templated":true}]}}