{"id":17770,"date":"2025-07-30T14:33:17","date_gmt":"2025-07-30T18:33:17","guid":{"rendered":"http:\/\/www.emater.ro.gov.br\/ematerro\/?page_id=17770"},"modified":"2025-07-30T14:33:18","modified_gmt":"2025-07-30T18:33:18","slug":"artigos-2010-a-2013","status":"publish","type":"page","link":"http:\/\/www.emater.ro.gov.br\/ematerro\/artigos-2010-a-2013\/","title":{"rendered":"Artigos 2010 a 2013"},"content":{"rendered":"\n<h2 class=\"wp-block-heading\">2013<\/h2>\n\n\n\n<p><a href=\"http:\/\/www.emater.ro.gov.br\/ematerro\/wp-content\/uploads\/2025\/07\/20250730-areia-e-ariquemes-cidades-parecidas-e-atrativas-joao-abilio-diniz.pdf\" target=\"_blank\" rel=\"noreferrer noopener\">Areia e Ariquemes cidades parecidas e atrativas<\/a> (<strong>Jo\u00e3o Ab\u00edlio Diniz<\/strong>)<\/p>\n\n\n\n<p><a href=\"http:\/\/www.emater.ro.gov.br\/ematerro\/wp-content\/uploads\/2025\/07\/20250730-avaliacao-do-fosfito-no-desenvolvimento-das-olericolas-cebolinha-e-couve-manteiga-var--acephala-luiz-gonzaga-barbosa-da-costa.pdf\" target=\"_blank\" rel=\"noreferrer noopener\">Avalia\u00e7\u00e3o do fosfito no desenvolvimento das Oler\u00edcolas Cebolinha e Couve Manteiga Var.<em> acephala<\/em><\/a> (<strong>Luiz Gonzaga Barbosa da Costa<\/strong>)<\/p>\n\n\n\n<p><\/p>\n\n\n\n<h2 class=\"wp-block-heading\">2012<\/h2>\n\n\n\n<p><a rel=\"noreferrer noopener\" href=\"http:\/\/www.emater.ro.gov.br\/ematerro\/wp-content\/uploads\/2025\/07\/20250730-as-plantas-e-o-fogo-joao-abilio.pdf\" target=\"_blank\">As plantas e o fogo<\/a> (<strong>Jo\u00e3o Ab\u00edlio Diniz<\/strong>)<\/p>\n\n\n\n<p><a href=\"http:\/\/www.emater.ro.gov.br\/ematerro\/wp-content\/uploads\/2025\/07\/20250730-campo-e-cidade-joao-abilio.pdf\" target=\"_blank\" rel=\"noreferrer noopener\">Campo e Cidade<\/a> (<strong>Jo\u00e3o Ab\u00edlio Diniz<\/strong>)<\/p>\n\n\n\n<p><a href=\"http:\/\/www.emater.ro.gov.br\/ematerro\/wp-content\/uploads\/2025\/07\/20250730-desafios-da-ciencias-joao-abilio-diniz.pdf\" target=\"_blank\" rel=\"noreferrer noopener\">Desafios da Ci\u00eancias<\/a> (<strong>Jo\u00e3o Ab\u00edlio Diniz<\/strong>)<\/p>\n\n\n\n<p><a href=\"http:\/\/www.emater.ro.gov.br\/ematerro\/wp-content\/uploads\/2025\/07\/20250730-os-bons-exemplos-da-paraiba-joao-abilio-diniz.pdf\" target=\"_blank\" rel=\"noreferrer noopener\">Os bons exemplos da Para\u00edb<\/a>a (<strong>Jo\u00e3o Ab\u00edlio Diniz<\/strong>)<\/p>\n\n\n\n<p><a href=\"http:\/\/www.emater.ro.gov.br\/ematerro\/wp-content\/uploads\/2025\/07\/20250730-por-uma-extensao-rural-qualificada-e-universal-julio-zoe.pdf\" target=\"_blank\" rel=\"noreferrer noopener\">Por uma extens\u00e3o rural qualificada e universal<\/a> (<strong>J\u00falio Zo\u00e9<\/strong>)<\/p>\n\n\n\n<p><a href=\"http:\/\/www.emater.ro.gov.br\/ematerro\/wp-content\/uploads\/2025\/07\/20250730-uso-de-residuos-organicos-na-agricultura-joao-abilio-diniz.pdf\" target=\"_blank\" rel=\"noreferrer noopener\">Uso de res\u00edduos org\u00e2nicos na agricultur<\/a>a (<strong>Jo\u00e3o Ab\u00edlio Diniz<\/strong>)<\/p>\n\n\n\n<p><\/p>\n\n\n\n<h2 class=\"wp-block-heading\">2011<\/h2>\n\n\n\n<p><a href=\"http:\/\/www.emater.ro.gov.br\/ematerro\/wp-content\/uploads\/2025\/07\/20250730-cloracao-de-agua-para-propriedades-rurais-gilvania-carvalho-e-outros.pdf\" target=\"_blank\" rel=\"noreferrer noopener\">Clora\u00e7\u00e3o de \u00e1gua para propriedades rurais<\/a> (<strong>Gilv\u00e2nia Carvalho e outros<\/strong>)<\/p>\n\n\n\n<p><a href=\"http:\/\/www.emater.ro.gov.br\/ematerro\/wp-content\/uploads\/2025\/07\/20250730-compostagem-de-carcacas-de-grandes-animais-carolina-m-cunha-e-bernardo-b-rocha.pdf\" target=\"_blank\" rel=\"noreferrer noopener\">Compostagem de carca\u00e7as de grandes animais<\/a> (<strong>Carolina M Cunha e Bernardo B Rocha<\/strong>)<\/p>\n\n\n\n<p><a href=\"http:\/\/www.emater.ro.gov.br\/ematerro\/wp-content\/uploads\/2025\/07\/20250730-controversias-sobre-a-amazonia-joao-abilio-diniz.pdf\" target=\"_blank\" rel=\"noreferrer noopener\">Controv\u00e9rsias sobre a Amaz\u00f4nia<\/a> (<strong>Jo\u00e3o Ab\u00edlio Diniz<\/strong>)<\/p>\n\n\n\n<p><a href=\"http:\/\/www.emater.ro.gov.br\/ematerro\/wp-content\/uploads\/2025\/07\/20250730-ecoturismo-e-sustentabilidade-em-alvorada-do-oeste-ro-hermerson-alvarenga.pdf\" target=\"_blank\" rel=\"noreferrer noopener\">Ecoturismo e Sustentabilidade em Alvorada do Oeste-RO<\/a> (<strong>Hermerson Alvarenga<\/strong>)<\/p>\n\n\n\n<p><a href=\"http:\/\/www.emater.ro.gov.br\/ematerro\/wp-content\/uploads\/2025\/07\/20250730-entendeno-a-extensao-rural-cristiane-celina.pdf\" target=\"_blank\" rel=\"noreferrer noopener\">Entendendo a Extens\u00e3o Rural<\/a> (<strong>Cristiane Celina<\/strong>)<\/p>\n\n\n\n<p><a href=\"http:\/\/www.emater.ro.gov.br\/ematerro\/wp-content\/uploads\/2025\/07\/20250730-exposicoes-agopecuarias-e-concursos-leiteiros-joao-abilio.pdf\" target=\"_blank\" rel=\"noreferrer noopener\">Exposi\u00e7\u00f5es Agropecu\u00e1rias e Concursos Leiteiros<\/a> (<strong>Jo\u00e3o Ab\u00edlio<\/strong>)<\/p>\n\n\n\n<p><a href=\"http:\/\/www.emater.ro.gov.br\/ematerro\/wp-content\/uploads\/2025\/07\/20250730-impactos-ambientais-efeitos-das-exploracoes-agropecuarias-joao-abilio.pdf\" target=\"_blank\" rel=\"noreferrer noopener\">Impactos Ambientais Efeitos das Explora\u00e7\u00f5es Agropecu\u00e1rias<\/a> (<strong>Jo\u00e3o Ab\u00edlio<\/strong>)<\/p>\n\n\n\n<p><a href=\"http:\/\/www.emater.ro.gov.br\/ematerro\/wp-content\/uploads\/2025\/07\/20250730-mastite-em-novilhas-e-vacas-secas-no-estado-de-rondonia-amancio-estevao-neto.pdf\" target=\"_blank\" rel=\"noreferrer noopener\">Mastite em novilhas e vacas secas no Estado de Rond\u00f4nia<\/a> (<strong>Am\u00e2ncio Estev\u00e3o Neto<\/strong>)<\/p>\n\n\n\n<p><a href=\"http:\/\/www.emater.ro.gov.br\/ematerro\/wp-content\/uploads\/2025\/07\/20250730-novo-codigo-florestal-brasileiro-joao-abilio.pdf\" target=\"_blank\" rel=\"noreferrer noopener\">Novo C\u00f3digo Florestal Brasileiro<\/a> (<strong>Jo\u00e3o Ab\u00edlio<\/strong>)<\/p>\n\n\n\n<p><a href=\"http:\/\/www.emater.ro.gov.br\/ematerro\/wp-content\/uploads\/2025\/07\/20250730-o-que-fazer-para-diminuir-o-exodo-rural-joao-abilio.pdf\" target=\"_blank\" rel=\"noreferrer noopener\">O que fazer para diminuir o \u00eaxodo rural<\/a> (<strong>Jo\u00e3o Ab\u00edlio<\/strong>)<\/p>\n\n\n\n<p><a href=\"http:\/\/www.emater.ro.gov.br\/ematerro\/wp-content\/uploads\/2025\/07\/20250730-relacao-ensino-pesquisa-e-extensao-joao-abilio.pdf\" target=\"_blank\" rel=\"noreferrer noopener\">Rela\u00e7\u00e3o Ensino, Pesquisa e Extens\u00e3o<\/a> (<strong>Jo\u00e3o Ab\u00edlio<\/strong>)<\/p>\n\n\n\n<p><a href=\"http:\/\/www.emater.ro.gov.br\/ematerro\/wp-content\/uploads\/2025\/07\/20250730-sustentabilidade-joao-abilio.pdf\" target=\"_blank\" rel=\"noreferrer noopener\">Sustentabilidade<\/a> (<strong>Jo\u00e3o Ab\u00edlio<\/strong>)<\/p>\n\n\n\n<p><\/p>\n\n\n\n<h2 class=\"wp-block-heading\"><strong>2010<\/strong><\/h2>\n\n\n\n<p><a href=\"http:\/\/www.emater.ro.gov.br\/ematerro\/wp-content\/uploads\/2025\/07\/20250730-a-seguranca-alimentar-e-nutricional-dos-af-no-parf-chico-mendes-aladia-fregolente.pdf\" target=\"_blank\" rel=\"noreferrer noopener\">A seguran\u00e7a alimentar e nutricional dos AF no PARF Chico Mendes<\/a> (<strong>Al\u00e1dia Fregolente<\/strong>)<\/p>\n\n\n\n<p><a href=\"http:\/\/www.emater.ro.gov.br\/ematerro\/wp-content\/uploads\/2025\/07\/20250730-alimentacao-de-bezerros-leiteiros-com-silagem-de-colostro-jose-renato-alves.pdf\" target=\"_blank\" rel=\"noreferrer noopener\">Alimenta\u00e7\u00e3o de Bezerros Leiteiros com silagem de colostro<\/a> (<strong>Jos\u00e9 Renato Alves<\/strong>)<\/p>\n\n\n\n<p><a href=\"http:\/\/www.emater.ro.gov.br\/ematerro\/wp-content\/uploads\/2025\/07\/20250730-avaliacao-dos-componentes-do-leite-na-microrregiao-de-ji-parana-ro-gilvania-carvalho.pdf\" target=\"_blank\" rel=\"noreferrer noopener\">Avalia\u00e7\u00e3o dos componentes do leite na microrregi\u00e3o de Ji-Paran\u00e1-RO<\/a> (<strong>Gilv\u00e2nia Carvalho<\/strong>)<\/p>\n\n\n\n<p><a href=\"http:\/\/www.emater.ro.gov.br\/ematerro\/wp-content\/uploads\/2025\/07\/20250730-importancia-do-uso-da-rama-de-mandioca-na-alimentacao-do-gado-leiteiro-jose-renato-aves.pdf\" target=\"_blank\" rel=\"noreferrer noopener\">Import\u00e2ncia do uso da Rama de Mandioca na Alimenta\u00e7\u00e3o do Gado Leiteiro<\/a> (<strong>Jos\u00e9 Renato Alves<\/strong>)<\/p>\n\n\n\n<p><\/p>\n","protected":false},"excerpt":{"rendered":"<p>2013 Areia e Ariquemes cidades parecidas e atrativas (Jo\u00e3o Ab\u00edlio Diniz) Avalia\u00e7\u00e3o do fosfito no desenvolvimento das Oler\u00edcolas Cebolinha e Couve Manteiga Var. acephala (Luiz Gonzaga Barbosa da Costa) 2012 [&hellip;]<\/p>\n","protected":false},"author":9,"featured_media":0,"parent":0,"menu_order":0,"comment_status":"closed","ping_status":"closed","template":"","meta":[],"_links":{"self":[{"href":"http:\/\/www.emater.ro.gov.br\/ematerro\/wp-json\/wp\/v2\/pages\/17770"}],"collection":[{"href":"http:\/\/www.emater.ro.gov.br\/ematerro\/wp-json\/wp\/v2\/pages"}],"about":[{"href":"http:\/\/www.emater.ro.gov.br\/ematerro\/wp-json\/wp\/v2\/types\/page"}],"author":[{"embeddable":true,"href":"http:\/\/www.emater.ro.gov.br\/ematerro\/wp-json\/wp\/v2\/users\/9"}],"replies":[{"embeddable":true,"href":"http:\/\/www.emater.ro.gov.br\/ematerro\/wp-json\/wp\/v2\/comments?post=17770"}],"version-history":[{"count":4,"href":"http:\/\/www.emater.ro.gov.br\/ematerro\/wp-json\/wp\/v2\/pages\/17770\/revisions"}],"predecessor-version":[{"id":17809,"href":"http:\/\/www.emater.ro.gov.br\/ematerro\/wp-json\/wp\/v2\/pages\/17770\/revisions\/17809"}],"wp:attachment":[{"href":"http:\/\/www.emater.ro.gov.br\/ematerro\/wp-json\/wp\/v2\/media?parent=17770"}],"curies":[{"name":"wp","href":"https:\/\/api.w.org\/{rel}","templated":true}]}}

<h2 class="wp-block-heading">2013</h2>



<p><a href="http://www.emater.ro.gov.br/ematerro/wp-content/uploads/2025/07/20250730-areia-e-ariquemes-cidades-parecidas-e-atrativas-joao-abilio-diniz.pdf" target="_blank" rel="noreferrer noopener">Areia e Ariquemes cidades parecidas e atrativas</a> (<strong>João Abílio Diniz</strong>)</p>



<p><a href="http://www.emater.ro.gov.br/ematerro/wp-content/uploads/2025/07/20250730-avaliacao-do-fosfito-no-desenvolvimento-das-olericolas-cebolinha-e-couve-manteiga-var--acephala-luiz-gonzaga-barbosa-da-costa.pdf" target="_blank" rel="noreferrer noopener">Avaliação do fosfito no desenvolvimento das Olerícolas Cebolinha e Couve Manteiga Var.<em> acephala</em></a> (<strong>Luiz Gonzaga Barbosa da Costa</strong>)</p>



<p></p>



<h2 class="wp-block-heading">2012</h2>



<p><a rel="noreferrer noopener" href="http://www.emater.ro.gov.br/ematerro/wp-content/uploads/2025/07/20250730-as-plantas-e-o-fogo-joao-abilio.pdf" target="_blank">As plantas e o fogo</a> (<strong>João Abílio Diniz</strong>)</p>



<p><a href="http://www.emater.ro.gov.br/ematerro/wp-content/uploads/2025/07/20250730-campo-e-cidade-joao-abilio.pdf" target="_blank" rel="noreferrer noopener">Campo e Cidade</a> (<strong>João Abílio Diniz</strong>)</p>



<p><a href="http://www.emater.ro.gov.br/ematerro/wp-content/uploads/2025/07/20250730-desafios-da-ciencias-joao-abilio-diniz.pdf" target="_blank" rel="noreferrer noopener">Desafios da Ciências</a> (<strong>João Abílio Diniz</strong>)</p>



<p><a href="http://www.emater.ro.gov.br/ematerro/wp-content/uploads/2025/07/20250730-os-bons-exemplos-da-paraiba-joao-abilio-diniz.pdf" target="_blank" rel="noreferrer noopener">Os bons exemplos da Paraíb</a>a (<strong>João Abílio Diniz</strong>)</p>



<p><a href="http://www.emater.ro.gov.br/ematerro/wp-content/uploads/2025/07/20250730-por-uma-extensao-rural-qualificada-e-universal-julio-zoe.pdf" target="_blank" rel="noreferrer noopener">Por uma extensão rural qualificada e universal</a> (<strong>Júlio Zoé</strong>)</p>



<p><a href="http://www.emater.ro.gov.br/ematerro/wp-content/uploads/2025/07/20250730-uso-de-residuos-organicos-na-agricultura-joao-abilio-diniz.pdf" target="_blank" rel="noreferrer noopener">Uso de resíduos orgânicos na agricultur</a>a (<strong>João Abílio Diniz</strong>)</p>



<p></p>



<h2 class="wp-block-heading">2011</h2>



<p><a href="http://www.emater.ro.gov.br/ematerro/wp-content/uploads/2025/07/20250730-cloracao-de-agua-para-propriedades-rurais-gilvania-carvalho-e-outros.pdf" target="_blank" rel="noreferrer noopener">Cloração de água para propriedades rurais</a> (<strong>Gilvânia Carvalho e outros</strong>)</p>



<p><a href="http://www.emater.ro.gov.br/ematerro/wp-content/uploads/2025/07/20250730-compostagem-de-carcacas-de-grandes-animais-carolina-m-cunha-e-bernardo-b-rocha.pdf" target="_blank" rel="noreferrer noopener">Compostagem de carcaças de grandes animais</a> (<strong>Carolina M Cunha e Bernardo B Rocha</strong>)</p>



<p><a href="http://www.emater.ro.gov.br/ematerro/wp-content/uploads/2025/07/20250730-controversias-sobre-a-amazonia-joao-abilio-diniz.pdf" target="_blank" rel="noreferrer noopener">Controvérsias sobre a Amazônia</a> (<strong>João Abílio Diniz</strong>)</p>



<p><a href="http://www.emater.ro.gov.br/ematerro/wp-content/uploads/2025/07/20250730-ecoturismo-e-sustentabilidade-em-alvorada-do-oeste-ro-hermerson-alvarenga.pdf" target="_blank" rel="noreferrer noopener">Ecoturismo e Sustentabilidade em Alvorada do Oeste-RO</a> (<strong>Hermerson Alvarenga</strong>)</p>



<p><a href="http://www.emater.ro.gov.br/ematerro/wp-content/uploads/2025/07/20250730-entendeno-a-extensao-rural-cristiane-celina.pdf" target="_blank" rel="noreferrer noopener">Entendendo a Extensão Rural</a> (<strong>Cristiane Celina</strong>)</p>



<p><a href="http://www.emater.ro.gov.br/ematerro/wp-content/uploads/2025/07/20250730-exposicoes-agopecuarias-e-concursos-leiteiros-joao-abilio.pdf" target="_blank" rel="noreferrer noopener">Exposições Agropecuárias e Concursos Leiteiros</a> (<strong>João Abílio</strong>)</p>



<p><a href="http://www.emater.ro.gov.br/ematerro/wp-content/uploads/2025/07/20250730-impactos-ambientais-efeitos-das-exploracoes-agropecuarias-joao-abilio.pdf" target="_blank" rel="noreferrer noopener">Impactos Ambientais Efeitos das Explorações Agropecuárias</a> (<strong>João Abílio</strong>)</p>



<p><a href="http://www.emater.ro.gov.br/ematerro/wp-content/uploads/2025/07/20250730-mastite-em-novilhas-e-vacas-secas-no-estado-de-rondonia-amancio-estevao-neto.pdf" target="_blank" rel="noreferrer noopener">Mastite em novilhas e vacas secas no Estado de Rondônia</a> (<strong>Amâncio Estevão Neto</strong>)</p>



<p><a href="http://www.emater.ro.gov.br/ematerro/wp-content/uploads/2025/07/20250730-novo-codigo-florestal-brasileiro-joao-abilio.pdf" target="_blank" rel="noreferrer noopener">Novo Código Florestal Brasileiro</a> (<strong>João Abílio</strong>)</p>



<p><a href="http://www.emater.ro.gov.br/ematerro/wp-content/uploads/2025/07/20250730-o-que-fazer-para-diminuir-o-exodo-rural-joao-abilio.pdf" target="_blank" rel="noreferrer noopener">O que fazer para diminuir o êxodo rural</a> (<strong>João Abílio</strong>)</p>



<p><a href="http://www.emater.ro.gov.br/ematerro/wp-content/uploads/2025/07/20250730-relacao-ensino-pesquisa-e-extensao-joao-abilio.pdf" target="_blank" rel="noreferrer noopener">Relação Ensino, Pesquisa e Extensão</a> (<strong>João Abílio</strong>)</p>



<p><a href="http://www.emater.ro.gov.br/ematerro/wp-content/uploads/2025/07/20250730-sustentabilidade-joao-abilio.pdf" target="_blank" rel="noreferrer noopener">Sustentabilidade</a> (<strong>João Abílio</strong>)</p>



<p></p>



<h2 class="wp-block-heading"><strong>2010</strong></h2>



<p><a href="http://www.emater.ro.gov.br/ematerro/wp-content/uploads/2025/07/20250730-a-seguranca-alimentar-e-nutricional-dos-af-no-parf-chico-mendes-aladia-fregolente.pdf" target="_blank" rel="noreferrer noopener">A segurança alimentar e nutricional dos AF no PARF Chico Mendes</a> (<strong>Aládia Fregolente</strong>)</p>



<p><a href="http://www.emater.ro.gov.br/ematerro/wp-content/uploads/2025/07/20250730-alimentacao-de-bezerros-leiteiros-com-silagem-de-colostro-jose-renato-alves.pdf" target="_blank" rel="noreferrer noopener">Alimentação de Bezerros Leiteiros com silagem de colostro</a> (<strong>José Renato Alves</strong>)</p>



<p><a href="http://www.emater.ro.gov.br/ematerro/wp-content/uploads/2025/07/20250730-avaliacao-dos-componentes-do-leite-na-microrregiao-de-ji-parana-ro-gilvania-carvalho.pdf" target="_blank" rel="noreferrer noopener">Avaliação dos componentes do leite na microrregião de Ji-Paraná-RO</a> (<strong>Gilvânia Carvalho</strong>)</p>



<p><a href="http://www.emater.ro.gov.br/ematerro/wp-content/uploads/2025/07/20250730-importancia-do-uso-da-rama-de-mandioca-na-alimentacao-do-gado-leiteiro-jose-renato-aves.pdf" target="_blank" rel="noreferrer noopener">Importância do uso da Rama de Mandioca na Alimentação do Gado Leiteiro</a> (<strong>José Renato Alves</strong>)</p>



<p></p>

<p>2013 Areia e Ariquemes cidades parecidas e atrativas (João Abílio Diniz) Avaliação do fosfito no desenvolvimento das Olerícolas Cebolinha e Couve Manteiga Var. acephala (Luiz Gonzaga Barbosa da Costa) 2012 [&hellip;]</p>
