{"id":15422,"date":"2024-06-10T10:34:07","date_gmt":"2024-06-10T14:34:07","guid":{"rendered":"http:\/\/www.emater.ro.gov.br\/ematerro\/?page_id=15422"},"modified":"2025-11-11T08:32:25","modified_gmt":"2025-11-11T12:32:25","slug":"folders","status":"publish","type":"page","link":"http:\/\/www.emater.ro.gov.br\/ematerro\/publicacoes\/folders\/","title":{"rendered":"Folders"},"content":{"rendered":"\n<div class=\"wp-block-group is-nowrap is-layout-flex wp-container-1\"><div class=\"wp-block-image is-style-default\">\n<figure class=\"alignleft size-large is-resized\"><a href=\"http:\/\/www.emater.ro.gov.br\/ematerro\/wp-content\/uploads\/2024\/06\/20240610-folder-areas-de-preservacao-e-recuperacao-de-areas.pdf\" target=\"_blank\" rel=\"APP e Recupera\u00e7\u00e3o de \u00c1reas Degradadas noopener\"><img decoding=\"async\" loading=\"lazy\" src=\"http:\/\/www.emater.ro.gov.br\/ematerro\/wp-content\/uploads\/2025\/08\/20250826-area-de-app-725x1024.jpg\" alt=\"\" class=\"wp-image-17984\" width=\"154\" height=\"218\" srcset=\"http:\/\/www.emater.ro.gov.br\/ematerro\/wp-content\/uploads\/2025\/08\/20250826-area-de-app-725x1024.jpg 725w, http:\/\/www.emater.ro.gov.br\/ematerro\/wp-content\/uploads\/2025\/08\/20250826-area-de-app-212x300.jpg 212w, http:\/\/www.emater.ro.gov.br\/ematerro\/wp-content\/uploads\/2025\/08\/20250826-area-de-app-768x1084.jpg 768w, http:\/\/www.emater.ro.gov.br\/ematerro\/wp-content\/uploads\/2025\/08\/20250826-area-de-app-1088x1536.jpg 1088w, http:\/\/www.emater.ro.gov.br\/ematerro\/wp-content\/uploads\/2025\/08\/20250826-area-de-app-1451x2048.jpg 1451w, http:\/\/www.emater.ro.gov.br\/ematerro\/wp-content\/uploads\/2025\/08\/20250826-area-de-app-scaled.jpg 1813w\" sizes=\"(max-width: 154px) 100vw, 154px\" \/><\/a><\/figure><\/div>\n\n<div class=\"wp-block-image\">\n<figure class=\"alignleft size-large is-resized\"><a href=\"http:\/\/www.emater.ro.gov.br\/ematerro\/wp-content\/uploads\/2024\/06\/20240610-biodigestor.pdf\" target=\"_blank\" rel=\"Biodigestor noopener\"><img decoding=\"async\" loading=\"lazy\" src=\"http:\/\/www.emater.ro.gov.br\/ematerro\/wp-content\/uploads\/2025\/08\/20250826-biodigestor-725x1024.jpg\" alt=\"\" class=\"wp-image-17985\" width=\"155\" height=\"219\" srcset=\"http:\/\/www.emater.ro.gov.br\/ematerro\/wp-content\/uploads\/2025\/08\/20250826-biodigestor-725x1024.jpg 725w, http:\/\/www.emater.ro.gov.br\/ematerro\/wp-content\/uploads\/2025\/08\/20250826-biodigestor-212x300.jpg 212w, http:\/\/www.emater.ro.gov.br\/ematerro\/wp-content\/uploads\/2025\/08\/20250826-biodigestor-768x1084.jpg 768w, http:\/\/www.emater.ro.gov.br\/ematerro\/wp-content\/uploads\/2025\/08\/20250826-biodigestor-1088x1536.jpg 1088w, http:\/\/www.emater.ro.gov.br\/ematerro\/wp-content\/uploads\/2025\/08\/20250826-biodigestor-1451x2048.jpg 1451w, http:\/\/www.emater.ro.gov.br\/ematerro\/wp-content\/uploads\/2025\/08\/20250826-biodigestor-scaled.jpg 1813w\" sizes=\"(max-width: 155px) 100vw, 155px\" \/><\/a><\/figure><\/div>\n\n<div class=\"wp-block-image\">\n<figure class=\"alignleft size-large is-resized\"><a href=\"http:\/\/www.emater.ro.gov.br\/ematerro\/wp-content\/uploads\/2024\/06\/20240610-folder_crise-hidrica.pdf\" target=\"_blank\" rel=\"Crise Hidrica- Rond\u00f4nia e o Clima noopener\"><img decoding=\"async\" loading=\"lazy\" src=\"http:\/\/www.emater.ro.gov.br\/ematerro\/wp-content\/uploads\/2025\/08\/20250826-crise-725x1024.jpg\" alt=\"\" class=\"wp-image-17986\" width=\"154\" height=\"218\" srcset=\"http:\/\/www.emater.ro.gov.br\/ematerro\/wp-content\/uploads\/2025\/08\/20250826-crise-725x1024.jpg 725w, http:\/\/www.emater.ro.gov.br\/ematerro\/wp-content\/uploads\/2025\/08\/20250826-crise-212x300.jpg 212w, http:\/\/www.emater.ro.gov.br\/ematerro\/wp-content\/uploads\/2025\/08\/20250826-crise-768x1084.jpg 768w, http:\/\/www.emater.ro.gov.br\/ematerro\/wp-content\/uploads\/2025\/08\/20250826-crise-1088x1536.jpg 1088w, http:\/\/www.emater.ro.gov.br\/ematerro\/wp-content\/uploads\/2025\/08\/20250826-crise-1450x2048.jpg 1450w, http:\/\/www.emater.ro.gov.br\/ematerro\/wp-content\/uploads\/2025\/08\/20250826-crise-scaled.jpg 1813w\" sizes=\"(max-width: 154px) 100vw, 154px\" \/><\/a><\/figure><\/div>\n\n<div class=\"wp-block-image\">\n<figure class=\"alignleft size-large is-resized\"><a href=\"http:\/\/www.emater.ro.gov.br\/ematerro\/wp-content\/uploads\/2025\/08\/20250826-folder-institucional_emater-ro-54-anos.pdf\" target=\"_blank\" rel=\"Emater-RO-Institucional noopener\"><img decoding=\"async\" loading=\"lazy\" src=\"http:\/\/www.emater.ro.gov.br\/ematerro\/wp-content\/uploads\/2025\/08\/20250826-institucional-725x1024.jpg\" alt=\"\" class=\"wp-image-17987\" width=\"155\" height=\"219\" srcset=\"http:\/\/www.emater.ro.gov.br\/ematerro\/wp-content\/uploads\/2025\/08\/20250826-institucional-725x1024.jpg 725w, http:\/\/www.emater.ro.gov.br\/ematerro\/wp-content\/uploads\/2025\/08\/20250826-institucional-212x300.jpg 212w, http:\/\/www.emater.ro.gov.br\/ematerro\/wp-content\/uploads\/2025\/08\/20250826-institucional-768x1084.jpg 768w, http:\/\/www.emater.ro.gov.br\/ematerro\/wp-content\/uploads\/2025\/08\/20250826-institucional-1088x1536.jpg 1088w, http:\/\/www.emater.ro.gov.br\/ematerro\/wp-content\/uploads\/2025\/08\/20250826-institucional-1450x2048.jpg 1450w, http:\/\/www.emater.ro.gov.br\/ematerro\/wp-content\/uploads\/2025\/08\/20250826-institucional-scaled.jpg 1813w\" sizes=\"(max-width: 155px) 100vw, 155px\" \/><\/a><\/figure><\/div>\n\n<div class=\"wp-block-image\">\n<figure class=\"alignleft size-large is-resized\"><a href=\"http:\/\/www.emater.ro.gov.br\/ematerro\/wp-content\/uploads\/2024\/06\/20240610-folder-cultivo-do-urucum.pdf\" target=\"_blank\" rel=\"Cultivo do Urucum noopener\"><img decoding=\"async\" loading=\"lazy\" src=\"http:\/\/www.emater.ro.gov.br\/ematerro\/wp-content\/uploads\/2025\/08\/20250826-urucum-725x1024.jpg\" alt=\"\" class=\"wp-image-17988\" width=\"155\" height=\"219\" srcset=\"http:\/\/www.emater.ro.gov.br\/ematerro\/wp-content\/uploads\/2025\/08\/20250826-urucum-725x1024.jpg 725w, http:\/\/www.emater.ro.gov.br\/ematerro\/wp-content\/uploads\/2025\/08\/20250826-urucum-212x300.jpg 212w, http:\/\/www.emater.ro.gov.br\/ematerro\/wp-content\/uploads\/2025\/08\/20250826-urucum-768x1084.jpg 768w, http:\/\/www.emater.ro.gov.br\/ematerro\/wp-content\/uploads\/2025\/08\/20250826-urucum-1088x1536.jpg 1088w, http:\/\/www.emater.ro.gov.br\/ematerro\/wp-content\/uploads\/2025\/08\/20250826-urucum-1450x2048.jpg 1450w, http:\/\/www.emater.ro.gov.br\/ematerro\/wp-content\/uploads\/2025\/08\/20250826-urucum-scaled.jpg 1813w\" sizes=\"(max-width: 155px) 100vw, 155px\" \/><\/a><\/figure><\/div>\n\n<div class=\"wp-block-image\">\n<figure class=\"alignleft size-large is-resized\"><a href=\"http:\/\/www.emater.ro.gov.br\/ematerro\/wp-content\/uploads\/2025\/08\/20250829-cartilha-haseniase-emater-ro2025.pdf\" target=\"_blank\" rel=\"Hansen\u00edase noopener\"><img decoding=\"async\" loading=\"lazy\" src=\"http:\/\/www.emater.ro.gov.br\/ematerro\/wp-content\/uploads\/2025\/08\/20250829-widgets-hanseniase-725x1024.jpg\" alt=\"\" class=\"wp-image-18020\" width=\"154\" height=\"218\" srcset=\"http:\/\/www.emater.ro.gov.br\/ematerro\/wp-content\/uploads\/2025\/08\/20250829-widgets-hanseniase-725x1024.jpg 725w, http:\/\/www.emater.ro.gov.br\/ematerro\/wp-content\/uploads\/2025\/08\/20250829-widgets-hanseniase-212x300.jpg 212w, http:\/\/www.emater.ro.gov.br\/ematerro\/wp-content\/uploads\/2025\/08\/20250829-widgets-hanseniase-768x1085.jpg 768w, http:\/\/www.emater.ro.gov.br\/ematerro\/wp-content\/uploads\/2025\/08\/20250829-widgets-hanseniase-1088x1536.jpg 1088w, http:\/\/www.emater.ro.gov.br\/ematerro\/wp-content\/uploads\/2025\/08\/20250829-widgets-hanseniase-1450x2048.jpg 1450w, http:\/\/www.emater.ro.gov.br\/ematerro\/wp-content\/uploads\/2025\/08\/20250829-widgets-hanseniase-scaled.jpg 1813w\" sizes=\"(max-width: 154px) 100vw, 154px\" \/><\/a><\/figure><\/div>\n\n<div class=\"wp-block-image\">\n<figure class=\"alignleft size-large is-resized\"><a href=\"http:\/\/www.emater.ro.gov.br\/ematerro\/wp-content\/uploads\/2025\/11\/20251111-folder_saude-da-mulher.pdf\" target=\"_blank\" rel=\"noreferrer noopener\"><img decoding=\"async\" loading=\"lazy\" src=\"http:\/\/www.emater.ro.gov.br\/ematerro\/wp-content\/uploads\/2025\/11\/20251111-saude-da-mulher-725x1024.jpg\" alt=\"\" class=\"wp-image-18578\" width=\"154\" height=\"218\" srcset=\"http:\/\/www.emater.ro.gov.br\/ematerro\/wp-content\/uploads\/2025\/11\/20251111-saude-da-mulher-725x1024.jpg 725w, http:\/\/www.emater.ro.gov.br\/ematerro\/wp-content\/uploads\/2025\/11\/20251111-saude-da-mulher-212x300.jpg 212w, http:\/\/www.emater.ro.gov.br\/ematerro\/wp-content\/uploads\/2025\/11\/20251111-saude-da-mulher-768x1085.jpg 768w, http:\/\/www.emater.ro.gov.br\/ematerro\/wp-content\/uploads\/2025\/11\/20251111-saude-da-mulher-1088x1536.jpg 1088w, http:\/\/www.emater.ro.gov.br\/ematerro\/wp-content\/uploads\/2025\/11\/20251111-saude-da-mulher-1450x2048.jpg 1450w, http:\/\/www.emater.ro.gov.br\/ematerro\/wp-content\/uploads\/2025\/11\/20251111-saude-da-mulher-scaled.jpg 1813w\" sizes=\"(max-width: 154px) 100vw, 154px\" \/><\/a><\/figure><\/div>\n\n<div class=\"wp-block-image\">\n<figure class=\"alignleft size-large is-resized\"><a href=\"http:\/\/www.emater.ro.gov.br\/ematerro\/wp-content\/uploads\/2025\/11\/20251111-folder_planejamento-familiar.pdf\" target=\"_blank\" rel=\"noreferrer noopener\"><img decoding=\"async\" loading=\"lazy\" src=\"http:\/\/www.emater.ro.gov.br\/ematerro\/wp-content\/uploads\/2025\/11\/20251111-planejamento-familiar-725x1024.jpg\" alt=\"\" class=\"wp-image-18577\" width=\"157\" height=\"222\" srcset=\"http:\/\/www.emater.ro.gov.br\/ematerro\/wp-content\/uploads\/2025\/11\/20251111-planejamento-familiar-725x1024.jpg 725w, http:\/\/www.emater.ro.gov.br\/ematerro\/wp-content\/uploads\/2025\/11\/20251111-planejamento-familiar-212x300.jpg 212w, http:\/\/www.emater.ro.gov.br\/ematerro\/wp-content\/uploads\/2025\/11\/20251111-planejamento-familiar-768x1085.jpg 768w, http:\/\/www.emater.ro.gov.br\/ematerro\/wp-content\/uploads\/2025\/11\/20251111-planejamento-familiar-1088x1536.jpg 1088w, http:\/\/www.emater.ro.gov.br\/ematerro\/wp-content\/uploads\/2025\/11\/20251111-planejamento-familiar-1450x2048.jpg 1450w, http:\/\/www.emater.ro.gov.br\/ematerro\/wp-content\/uploads\/2025\/11\/20251111-planejamento-familiar-scaled.jpg 1813w\" sizes=\"(max-width: 157px) 100vw, 157px\" \/><\/a><\/figure><\/div><\/div>\n","protected":false},"excerpt":{"rendered":"","protected":false},"author":9,"featured_media":0,"parent":141,"menu_order":0,"comment_status":"closed","ping_status":"closed","template":"","meta":[],"_links":{"self":[{"href":"http:\/\/www.emater.ro.gov.br\/ematerro\/wp-json\/wp\/v2\/pages\/15422"}],"collection":[{"href":"http:\/\/www.emater.ro.gov.br\/ematerro\/wp-json\/wp\/v2\/pages"}],"about":[{"href":"http:\/\/www.emater.ro.gov.br\/ematerro\/wp-json\/wp\/v2\/types\/page"}],"author":[{"embeddable":true,"href":"http:\/\/www.emater.ro.gov.br\/ematerro\/wp-json\/wp\/v2\/users\/9"}],"replies":[{"embeddable":true,"href":"http:\/\/www.emater.ro.gov.br\/ematerro\/wp-json\/wp\/v2\/comments?post=15422"}],"version-history":[{"count":16,"href":"http:\/\/www.emater.ro.gov.br\/ematerro\/wp-json\/wp\/v2\/pages\/15422\/revisions"}],"predecessor-version":[{"id":18588,"href":"http:\/\/www.emater.ro.gov.br\/ematerro\/wp-json\/wp\/v2\/pages\/15422\/revisions\/18588"}],"up":[{"embeddable":true,"href":"http:\/\/www.emater.ro.gov.br\/ematerro\/wp-json\/wp\/v2\/pages\/141"}],"wp:attachment":[{"href":"http:\/\/www.emater.ro.gov.br\/ematerro\/wp-json\/wp\/v2\/media?parent=15422"}],"curies":[{"name":"wp","href":"https:\/\/api.w.org\/{rel}","templated":true}]}}

<div class="wp-block-group is-nowrap is-layout-flex wp-container-1"><div class="wp-block-image is-style-default">
<figure class="alignleft size-large is-resized"><a href="http://www.emater.ro.gov.br/ematerro/wp-content/uploads/2024/06/20240610-folder-areas-de-preservacao-e-recuperacao-de-areas.pdf" target="_blank" rel="APP e Recuperação de Áreas Degradadas noopener"><img decoding="async" loading="lazy" src="http://www.emater.ro.gov.br/ematerro/wp-content/uploads/2025/08/20250826-area-de-app-725x1024.jpg" alt="" class="wp-image-17984" width="154" height="218" srcset="http://www.emater.ro.gov.br/ematerro/wp-content/uploads/2025/08/20250826-area-de-app-725x1024.jpg 725w, http://www.emater.ro.gov.br/ematerro/wp-content/uploads/2025/08/20250826-area-de-app-212x300.jpg 212w, http://www.emater.ro.gov.br/ematerro/wp-content/uploads/2025/08/20250826-area-de-app-768x1084.jpg 768w, http://www.emater.ro.gov.br/ematerro/wp-content/uploads/2025/08/20250826-area-de-app-1088x1536.jpg 1088w, http://www.emater.ro.gov.br/ematerro/wp-content/uploads/2025/08/20250826-area-de-app-1451x2048.jpg 1451w, http://www.emater.ro.gov.br/ematerro/wp-content/uploads/2025/08/20250826-area-de-app-scaled.jpg 1813w" sizes="(max-width: 154px) 100vw, 154px" /></a></figure></div>

<div class="wp-block-image">
<figure class="alignleft size-large is-resized"><a href="http://www.emater.ro.gov.br/ematerro/wp-content/uploads/2024/06/20240610-biodigestor.pdf" target="_blank" rel="Biodigestor noopener"><img decoding="async" loading="lazy" src="http://www.emater.ro.gov.br/ematerro/wp-content/uploads/2025/08/20250826-biodigestor-725x1024.jpg" alt="" class="wp-image-17985" width="155" height="219" srcset="http://www.emater.ro.gov.br/ematerro/wp-content/uploads/2025/08/20250826-biodigestor-725x1024.jpg 725w, http://www.emater.ro.gov.br/ematerro/wp-content/uploads/2025/08/20250826-biodigestor-212x300.jpg 212w, http://www.emater.ro.gov.br/ematerro/wp-content/uploads/2025/08/20250826-biodigestor-768x1084.jpg 768w, http://www.emater.ro.gov.br/ematerro/wp-content/uploads/2025/08/20250826-biodigestor-1088x1536.jpg 1088w, http://www.emater.ro.gov.br/ematerro/wp-content/uploads/2025/08/20250826-biodigestor-1451x2048.jpg 1451w, http://www.emater.ro.gov.br/ematerro/wp-content/uploads/2025/08/20250826-biodigestor-scaled.jpg 1813w" sizes="(max-width: 155px) 100vw, 155px" /></a></figure></div>

<div class="wp-block-image">
<figure class="alignleft size-large is-resized"><a href="http://www.emater.ro.gov.br/ematerro/wp-content/uploads/2024/06/20240610-folder_crise-hidrica.pdf" target="_blank" rel="Crise Hidrica- Rondônia e o Clima noopener"><img decoding="async" loading="lazy" src="http://www.emater.ro.gov.br/ematerro/wp-content/uploads/2025/08/20250826-crise-725x1024.jpg" alt="" class="wp-image-17986" width="154" height="218" srcset="http://www.emater.ro.gov.br/ematerro/wp-content/uploads/2025/08/20250826-crise-725x1024.jpg 725w, http://www.emater.ro.gov.br/ematerro/wp-content/uploads/2025/08/20250826-crise-212x300.jpg 212w, http://www.emater.ro.gov.br/ematerro/wp-content/uploads/2025/08/20250826-crise-768x1084.jpg 768w, http://www.emater.ro.gov.br/ematerro/wp-content/uploads/2025/08/20250826-crise-1088x1536.jpg 1088w, http://www.emater.ro.gov.br/ematerro/wp-content/uploads/2025/08/20250826-crise-1450x2048.jpg 1450w, http://www.emater.ro.gov.br/ematerro/wp-content/uploads/2025/08/20250826-crise-scaled.jpg 1813w" sizes="(max-width: 154px) 100vw, 154px" /></a></figure></div>

<div class="wp-block-image">
<figure class="alignleft size-large is-resized"><a href="http://www.emater.ro.gov.br/ematerro/wp-content/uploads/2025/08/20250826-folder-institucional_emater-ro-54-anos.pdf" target="_blank" rel="Emater-RO-Institucional noopener"><img decoding="async" loading="lazy" src="http://www.emater.ro.gov.br/ematerro/wp-content/uploads/2025/08/20250826-institucional-725x1024.jpg" alt="" class="wp-image-17987" width="155" height="219" srcset="http://www.emater.ro.gov.br/ematerro/wp-content/uploads/2025/08/20250826-institucional-725x1024.jpg 725w, http://www.emater.ro.gov.br/ematerro/wp-content/uploads/2025/08/20250826-institucional-212x300.jpg 212w, http://www.emater.ro.gov.br/ematerro/wp-content/uploads/2025/08/20250826-institucional-768x1084.jpg 768w, http://www.emater.ro.gov.br/ematerro/wp-content/uploads/2025/08/20250826-institucional-1088x1536.jpg 1088w, http://www.emater.ro.gov.br/ematerro/wp-content/uploads/2025/08/20250826-institucional-1450x2048.jpg 1450w, http://www.emater.ro.gov.br/ematerro/wp-content/uploads/2025/08/20250826-institucional-scaled.jpg 1813w" sizes="(max-width: 155px) 100vw, 155px" /></a></figure></div>

<div class="wp-block-image">
<figure class="alignleft size-large is-resized"><a href="http://www.emater.ro.gov.br/ematerro/wp-content/uploads/2024/06/20240610-folder-cultivo-do-urucum.pdf" target="_blank" rel="Cultivo do Urucum noopener"><img decoding="async" loading="lazy" src="http://www.emater.ro.gov.br/ematerro/wp-content/uploads/2025/08/20250826-urucum-725x1024.jpg" alt="" class="wp-image-17988" width="155" height="219" srcset="http://www.emater.ro.gov.br/ematerro/wp-content/uploads/2025/08/20250826-urucum-725x1024.jpg 725w, http://www.emater.ro.gov.br/ematerro/wp-content/uploads/2025/08/20250826-urucum-212x300.jpg 212w, http://www.emater.ro.gov.br/ematerro/wp-content/uploads/2025/08/20250826-urucum-768x1084.jpg 768w, http://www.emater.ro.gov.br/ematerro/wp-content/uploads/2025/08/20250826-urucum-1088x1536.jpg 1088w, http://www.emater.ro.gov.br/ematerro/wp-content/uploads/2025/08/20250826-urucum-1450x2048.jpg 1450w, http://www.emater.ro.gov.br/ematerro/wp-content/uploads/2025/08/20250826-urucum-scaled.jpg 1813w" sizes="(max-width: 155px) 100vw, 155px" /></a></figure></div>

<div class="wp-block-image">
<figure class="alignleft size-large is-resized"><a href="http://www.emater.ro.gov.br/ematerro/wp-content/uploads/2025/08/20250829-cartilha-haseniase-emater-ro2025.pdf" target="_blank" rel="Hanseníase noopener"><img decoding="async" loading="lazy" src="http://www.emater.ro.gov.br/ematerro/wp-content/uploads/2025/08/20250829-widgets-hanseniase-725x1024.jpg" alt="" class="wp-image-18020" width="154" height="218" srcset="http://www.emater.ro.gov.br/ematerro/wp-content/uploads/2025/08/20250829-widgets-hanseniase-725x1024.jpg 725w, http://www.emater.ro.gov.br/ematerro/wp-content/uploads/2025/08/20250829-widgets-hanseniase-212x300.jpg 212w, http://www.emater.ro.gov.br/ematerro/wp-content/uploads/2025/08/20250829-widgets-hanseniase-768x1085.jpg 768w, http://www.emater.ro.gov.br/ematerro/wp-content/uploads/2025/08/20250829-widgets-hanseniase-1088x1536.jpg 1088w, http://www.emater.ro.gov.br/ematerro/wp-content/uploads/2025/08/20250829-widgets-hanseniase-1450x2048.jpg 1450w, http://www.emater.ro.gov.br/ematerro/wp-content/uploads/2025/08/20250829-widgets-hanseniase-scaled.jpg 1813w" sizes="(max-width: 154px) 100vw, 154px" /></a></figure></div>

<div class="wp-block-image">
<figure class="alignleft size-large is-resized"><a href="http://www.emater.ro.gov.br/ematerro/wp-content/uploads/2025/11/20251111-folder_saude-da-mulher.pdf" target="_blank" rel="noreferrer noopener"><img decoding="async" loading="lazy" src="http://www.emater.ro.gov.br/ematerro/wp-content/uploads/2025/11/20251111-saude-da-mulher-725x1024.jpg" alt="" class="wp-image-18578" width="154" height="218" srcset="http://www.emater.ro.gov.br/ematerro/wp-content/uploads/2025/11/20251111-saude-da-mulher-725x1024.jpg 725w, http://www.emater.ro.gov.br/ematerro/wp-content/uploads/2025/11/20251111-saude-da-mulher-212x300.jpg 212w, http://www.emater.ro.gov.br/ematerro/wp-content/uploads/2025/11/20251111-saude-da-mulher-768x1085.jpg 768w, http://www.emater.ro.gov.br/ematerro/wp-content/uploads/2025/11/20251111-saude-da-mulher-1088x1536.jpg 1088w, http://www.emater.ro.gov.br/ematerro/wp-content/uploads/2025/11/20251111-saude-da-mulher-1450x2048.jpg 1450w, http://www.emater.ro.gov.br/ematerro/wp-content/uploads/2025/11/20251111-saude-da-mulher-scaled.jpg 1813w" sizes="(max-width: 154px) 100vw, 154px" /></a></figure></div>

<div class="wp-block-image">
<figure class="alignleft size-large is-resized"><a href="http://www.emater.ro.gov.br/ematerro/wp-content/uploads/2025/11/20251111-folder_planejamento-familiar.pdf" target="_blank" rel="noreferrer noopener"><img decoding="async" loading="lazy" src="http://www.emater.ro.gov.br/ematerro/wp-content/uploads/2025/11/20251111-planejamento-familiar-725x1024.jpg" alt="" class="wp-image-18577" width="157" height="222" srcset="http://www.emater.ro.gov.br/ematerro/wp-content/uploads/2025/11/20251111-planejamento-familiar-725x1024.jpg 725w, http://www.emater.ro.gov.br/ematerro/wp-content/uploads/2025/11/20251111-planejamento-familiar-212x300.jpg 212w, http://www.emater.ro.gov.br/ematerro/wp-content/uploads/2025/11/20251111-planejamento-familiar-768x1085.jpg 768w, http://www.emater.ro.gov.br/ematerro/wp-content/uploads/2025/11/20251111-planejamento-familiar-1088x1536.jpg 1088w, http://www.emater.ro.gov.br/ematerro/wp-content/uploads/2025/11/20251111-planejamento-familiar-1450x2048.jpg 1450w, http://www.emater.ro.gov.br/ematerro/wp-content/uploads/2025/11/20251111-planejamento-familiar-scaled.jpg 1813w" sizes="(max-width: 157px) 100vw, 157px" /></a></figure></div></div>
